8*v = 5*v - 3, 0 = -5*v - 5. Let b(j) = -j**3 - 6*j**2 - 2*j - 4. Let s be b(-6). Suppose i = s*r - 272 - 104. List the prime factors of r.
47
Suppose 17*v = 15*v - 270. List the prime factors of (5/(v/36))/((-1)/51).
2, 17
Let j(p) = -2*p**2 + 35*p + 40. Let c be j(19). Let t = 36 - c. Suppose u - 38 = -y, -2*y - 27 - t = -2*u. What are the prime factors of u?
3, 13
Let l be (-14)/(-3 + 4 - 2). Let g be 10/35 - 88/l. What are the prime factors of (g/(-2) - 2) + 36?
37
Let d(p) = 5*p**3 - 8*p**2 + 9. Let o be d(7). Suppose o = 3*k - 495. List the prime factors of k.
3, 7, 29
Let d(p) = -p**3 + 8*p**2 - 3*p - 3. Let g(s) = -s - 16. Suppose 44 = -4*q - 36. Let f be g(q). What are the prime factors of d(f)?
7
What are the prime factors of (3 - 3/3)/(8/1258128*18)?
2, 8737
Suppose -174 = -t + 204. What are the prime factors of t?
2, 3, 7
Let n(t) = t**3 - 27*t**2 + 83*t - 372. List the prime factors of n(34).
2, 3, 7, 251
Let t = -903 - -905. Suppose 3*x = t*u - 651, -31*u - 2*x - 1306 = -35*u. What are the prime factors of u?
3, 109
Suppose 0 = a + 3*g - 4489, 0 = 3*a + a - 2*g - 17998. What are the prime factors of a?
2, 13, 173
Let k(z) = -3*z**3 - z**2 - 3*z + 3. Let u be k(2). Let q = u - -53. Suppose -i + q + 38 = 0. List the prime factors of i.
2, 3, 5
Let w = 274598 + -191527. List the prime factors of w.
83071
Let q be 3/2*(-2596)/(-33) + -1. Suppose -b - 5*v + q + 202 = 0, -1312 = -4*b - 2*v. List the prime factors of b.
7, 47
Let a(g) = g**3 - 70*g**2 + 147*g + 67. List the prime factors of a(71).
5, 3109
Let h(j) be the second derivative of j**4/12 - 61*j**3/6 + 11*j**2/2 + 43*j + 1. What are the prime factors of h(-14)?
1061
Let i(a) = 23 + 2*a**3 + 3*a**3 + 22*a - 8*a**2 - 6*a**3. Let p be i(-10). Suppose 4*s - p*v = -s + 205, -4*s + 164 = -4*v. What are the prime factors of s?
41
Let i be 2312 - (4 + (3 - 2)). Suppose 0 = a - y - 638, 3*a - i + 378 = -2*y. List the prime factors of a.
641
Let g(d) be the first derivative of 13*d**4/12 + 2*d**3/3 + 15*d**2/2 + 6. Let q(t) be the second derivative of g(t). What are the prime factors of q(5)?
2, 67
Let h(s) = s**2 + 2*s + 244. Let c be (-1 + 1)*(-6 - 55/(-10)). Let v be h(c). Suppose -v + 24 = -4*z. List the prime factors of z.
5, 11
Suppose 0 = 3*h - 10 + 1. Suppose -6 = -h*m - 3, -d - 3*m = -111. What are the prime factors of 5 + -9 + 2*d?
2, 53
Let j be 10/4 + (-166355)/(-70). Suppose 0 = 108*i - 111*i + j. What are the prime factors of i?
13, 61
Suppose 6*t - 17 + 11 = 0, -3*t - 60393 = -3*j. List the prime factors of j.
2, 7, 719
Let t = -281 - -1233. What are the prime factors of t?
2, 7, 17
Let s(l) = 4*l**2 + 5. Let b(p) = -p**2 - 4*p + 1. Let r(z) = -z**3 + 8*z**2 + 10*z - 14. Let w be r(9). Let u be b(w). What are the prime factors of s(u)?
3, 23
What are the prime factors of (-115)/(-46)*20222/5?
10111
What are the prime factors of (-1 + 22167)*(-19)/(1710/(-225))?
5, 11083
Let a = -67 + 69. Let y be a + (-1 - -1) + 3/(-1). List the prime factors of ((-654)/(-30) + -1)*(y - -6).
2, 13
Let y = -85 + 88. Let a be (1 + 0 + y/(-6))*-138. What are the prime factors of (51/(-4))/(a/1288)?
2, 7, 17
Suppose 2*u - 849 = -4*c + 295, -3*u = -5*c + 1430. Let z(o) = -81*o**3 + 3*o**2 + 6*o - 6. Let a be z(-2). Suppose -c = -8*j + a. List the prime factors of j.
2, 29
Suppose 0 = 3*j - 255 + 39. List the prime factors of 6 + 105867/j - (-3)/(-8).
2, 3, 41
Let n = 400 - -847. Suppose 26*k - 10113 = -n. What are the prime factors of k?
11, 31
Let x(w) = -1147*w + 9919. What are the prime factors of x(-6)?
53, 317
Let n(x) be the third derivative of -x**6/24 - 17*x**5/30 - 53*x**4/8 + x**3 + 3*x**2 + 20. List the prime factors of n(-5).
2, 3
Let t = 169 + -180. Let f(i) = i**3 + 15*i**2 + 8*i + 3. List the prime factors of f(t).
3, 7, 19
Suppose 0 = -c - 3*t + 9459, -10*c - 5*t = -11*c + 9451. Suppose -20*n = -c + 1736. List the prime factors of n.
2, 193
Suppose 53*d = 52*d + 304. Let c = d - -55. List the prime factors of c.
359
Suppose -2*z - 4 = g, -g - 16 = -3*g + 2*z. Let k(s) = -s**3 - 29*s - s**3 + 26*s - 6*s**2 - g. List the prime factors of k(-4).
2, 5
Let n = 18067 - 1591. What are the prime factors of n?
2, 3, 1373
Let r(u) = u**2 - 20*u + 31. Let b be r(19). Suppose b = 15*a - 9*a. Suppose 5*h + a*y - 4*y = 622, 5*h + 2*y = 618. List the prime factors of h.
2, 31
Suppose 2*s + 1 - 5 = 3*u, 4*s + 5*u = 8. Suppose c + 4*v - 7 = 0, 6*v - 16 = s*v. What are the prime factors of (-36)/c - -2*33?
2, 5, 7
Suppose 1397 = 17*d - 3907. Suppose -2*r + d = -2*o, -2*o + 759 = 4*r + r. List the prime factors of r.
3, 17
Let v = -295 - -270. Let x(y) = y**2 + 14*y - 11. List the prime factors of x(v).
2, 3, 11
Let m be (3 - 5)*(-1 + 2)*-1. Suppose m*i = -45 + 49. Suppose i*u = -5*g + 285, 6*g = 4*g + 4*u + 114. List the prime factors of g.
3, 19
Let a be 22/18 + -1 - 29512/(-36). Suppose -5*d + a = 5*i, 8*d - 3*d = -3*i + 822. What are the prime factors of d?
3, 5, 11
Let s be (-2)/((-2)/(3 + -1) + 0). Let n be s/1 - (-3)/1. Suppose -w = -3*r + 17, n = 8*r - 3*r + 3*w. List the prime factors of r.
2
Suppose -623 = 2*k - 5*o, 674 = -4*k + 2*o - 612. Let y = k - -1073. List the prime factors of y.
7, 107
Let z = 550 + -545. Let o(i) = 7*i**3 - 5*i**2 + 10*i - 8. List the prime factors of o(z).
2, 3, 11
Let p(s) = -3*s + 13. Let y be p(3). Suppose -y*r - 806 = -5*t, -2*t = -4*t + 2*r + 324. What are the prime factors of t?
2, 79
Let h(l) = 32*l**3 - 3*l**2 - l + 2. Let c be h(2). Let k be c - (3 - 1/1). Let j = k - 139. List the prime factors of j.
103
Let y(k) = -8 + 25 - 5 + k**2 - 9*k - 3. Let j be y(11). Let t = j + -25. List the prime factors of t.
2, 3
What are the prime factors of 350*1376/24 - 8/(-24)?
3, 6689
Let a be ((-224)/(-2)*-2)/(69/(-276)). Let w = a + 64. List the prime factors of w.
2, 3, 5
Let v(r) = 4*r**2 - 4*r - 18. Let m be v(6). Let u = 104 - m. Suppose 0 = u*g - 4*g - 5*t + 224, 0 = -4*g - t + 484. List the prime factors of g.
2, 61
Suppose -3*p = -8*p - 410. Suppose -5*t + 10*t + k = -26, -5*t - 46 = -4*k. Let r = t - p. List the prime factors of r.
2, 19
List the prime factors of ((-199380)/(-75))/(2/5).
2, 3323
Let n(r) = -r**3 + 8*r**2 + 4*r + 2. Let v be 1/10*35*(0 + 2). Let h be n(v). Let k = -11 + h. List the prime factors of k.
2, 17
Let r(k) = k**3 + k**2 + 26*k + 9. Let v be r(0). Let l(q) = q. Let t(p) = -36*p + 4. Let b(x) = -24*l(x) - t(x). List the prime factors of b(v).
2, 13
Let k = 11855 - 33530. List the prime factors of (-1)/8 + k/(-408).
53
Let x(d) = 9*d - 53. Let o be x(7). Let k(t) = 32*t - 19. List the prime factors of k(o).
7, 43
Suppose 11 = -19*w + 24*w + 4*y, -4*w + 2*y = 12. Let j(f) = -1307*f - 67. List the prime factors of j(w).
2, 5, 31
List the prime factors of (-1337880)/(-100) + 36/(-45).
2, 6689
Let c = -24095 - -42974. What are the prime factors of c?
3, 7, 29, 31
Suppose -h = -l - 763, -7*l = 5*h - 11*l - 3818. Suppose 0 = t - j - 383, -21*t + j + h = -19*t. What are the prime factors of t?
383
What are the prime factors of (-2)/(-2) + 4 + -3 - (-85458)/6?
5, 7, 11, 37
Let q(j) = -j**3 + 25*j**2 + 24*j - 131. What are the prime factors of q(22)?
43
Let n be (1*-2)/(-1)*408/16. Let c = 56 + -16. Let s = n - c. List the prime factors of s.
11
Suppose 2*s = 9*f - 13*f + 139072, 5*s = 5*f - 173780. List the prime factors of f.
2, 3, 2897
Let b(k) = -k**3 - 6*k**2 - 2*k + 16. Let t be b(-5). Let s = t - 7. What are the prime factors of 3/(-9) + (-2)/s - -127?
127
Let f = 3762 + -2264. Suppose -6*m = 148 - f. What are the prime factors of m?
3, 5
Let s(o) = 2*o**2 - 5*o - 1. Let f be s(3). Suppose -2*a = 3*t - 436, -t + 4*t - f*a = 452. List the prime factors of t.
2, 37
Let v = 12130 + -8132. What are the prime factors of v?
2, 1999
Suppose 2*t + 5*t + 14*t - 197484 = 0. List the prime factors of t.
2, 2351
Let h = -9 + -272. Let n = 1161 + h. List the prime factors of n.
2, 5, 11
Let v = 243 + 3630. What are the prime factors of v?
3, 1291
Let g(i) = -i**3 + 8*i**2 - 5*i - 14. Let p be g(7). Suppose p = 65*b - 52*b - 7995. What are the prime factors of b?
3, 5, 41
Let u(y) = 14*y**2 - 3*y - 93. Let b be u(-10). What are the prime factors of (2 + -10 + 2)*b/(-21)?
2, 191
Let m(u) = 3*u - 93. Let c be m(33). Suppose 2*o - 554 = -2*w, -